3*z = 4*c + 12, -2*z - 12 = -3*c - 5*z. Suppose v + 2 = -c*v. Determine p(v).
-7
Let j(f) be the third derivative of 1/24*f**4 + 0 + f**2 + 0*f + 1/2*f**3. Suppose 12*t - 7*t - t = 0. Give j(t).
3
Let d(y) = y**2 + y - 2. Let n(g) = 2*g**2 + 2*g - 4. Let l(t) = -5*d(t) + 2*n(t). Let k = 2 - 0. Give l(k).
-4
Let z = 2 - -1. Suppose -5 = -z*s - 14. Let f(m) = 3*m**2 - 14*m + 8. Let u(p) = -4*p**2 + 20*p - 12. Let w(t) = 7*f(t) + 5*u(t). What is w(s)?
-1
Let x be -3*(20/12 - 4). Suppose -5*d - 21 = 3*l, -d - 20 = 5*l - x. Let a(u) = -2*u**3 - 4*u**2 - 4*u - 3. Let z be a(l). Let f(t) = t - 12. Calculate f(z).
-7
Suppose -l + 5*l = -40. Let a(v) be the second derivative of -v**3/6 - 9*v**2/2 + 153*v + 4. What is a(l)?
1
Let z(t) = 3*t**2 - 1 + t**2 - t**2 + t. Let v(n) = -1. Let l = 274 + -273. Let y(o) = l*z(o) + v(o). Determine y(2).
12
Let c(f) = -f**3 - 9*f**2 + 3*f + 23. Let s be c(-9). Let n(b) = -b**3 - 5*b**2 - 5*b - 3. Give n(s).
1
Let a = 72 - 72. Let c(k) = -5*k + 11. Let i be (-1)/(-3 - 22/(-8)). Let s(n) = -n. Let o(b) = i*s(b) - c(b). What is o(a)?
-11
Suppose 15*b + 30 = -30. Let h(s) = 5*s**2 + 3*s. Let r(m) = 11*m**2 + 5*m - 1. Let j(n) = -n + 9. Let y be j(6). Let a(k) = y*r(k) - 7*h(k). Give a(b).
-11
Suppose -17 = -5*n + q, -q - 1 = -n - 0. Suppose -t + n = -20. Suppose 27*d - t*d = 6. Let h(u) = -u. Determine h(d).
-2
Let u(w) = -5*w**2 + w**2 - 9*w + 9 + 4*w**2 + w**2. Let y(x) = -x**2 - 5*x - 3. Let z be y(-3). Suppose 2 = z*f - 16. Calculate u(f).
-9
Let n(i) be the first derivative of 1/24*i**4 - 2/15*i**5 + 0*i**2 + 3 + 0*i + 2*i**3. Let g(b) be the third derivative of n(b). Calculate g(1).
-15
Let t(f) = -2*f**3. Let p be t(-1). Let c(j) = -3*j**3 + 5*j**2 + 3*j + 1. Let y be c(2). Let r(s) = -7 - 6 - y + 15 + 5*s. What is r(p)?
9
Let q(m) = -5*m - 2. Let t be q(-2). Suppose 3*h - o = 6*h + t, -5*h = 2*o + 12. Let a(j) = -j**2 - 3*j + 2. Give a(h).
-2
Let b = 48 - 21. Suppose -l = -3*o - 2*o + b, -5*l + 5*o - 35 = 0. Let j be 1 + (-10 + -2)/l. Let g(m) = m**3 - 8*m**2 + 7*m - 1. Give g(j).
-1
Let n(k) = -3*k**3 - 3*k**2 + 20*k - 44. Let x(s) = -4*s**3 - 4*s**2 + 25*s - 46. Let u(f) = 5*n(f) - 4*x(f). Determine u(0).
-36
Let n = -1925 + 1925. Let k(f) = f**2 + 2*f + 4. What is k(n)?
4
Let n(m) = -m - 19. Let j = -2683 - -2691. Give n(j).
-27
Let h(g) = g**2 + 8*g - 3. Let u(p) = p**2 + 9*p - 5. Let i(m) = -3*h(m) + 2*u(m). Suppose 0 = 4*a - 56 + 16. Suppose a = 4*s + 34. Give i(s).
-1
Let b(u) be the first derivative of u + u**2 + 1/3*u**3 - 3*u**4 + 26. Give b(-1).
12
Let z(m) = -9*m**2 + 3*m - 17. Let d(k) = -7*k**2 + 4*k - 16. Let f(l) = 4*d(l) - 3*z(l). What is f(6)?
-7
Let p(n) = 5*n**2 + 3*n + 4. Let y(o) = 15*o**2 + 9*o + 11. Let i(s) = 17*p(s) - 6*y(s). What is i(1)?
-6
Let k(d) = -d - 27*d + 13559 - 13560. Calculate k(2).
-57
Suppose 11 = 2*x + 7. Let p(q) = 0*q**3 + q**3 - x*q + 6*q**2 - 2 + q - 1. Calculate p(-6).
3
Let x(b) = b**3 + 7*b**2 + 1. Let i be x(-7). Let w = -1 + i. Let g(j) = -2 + 6*j - 1 - 2*j + w. Calculate g(2).
5
Let u(p) = 5*p + 2. Suppose 5*o = -4*o + 63. Suppose 0 = -o*m + 22 - 1. Give u(m).
17
Let w(k) be the first derivative of -k**4/6 - k**3/3 + 2*k**2 + k + 2. Let z(r) be the first derivative of w(r). Suppose -3 = -7*h - 24. Determine z(h).
-8
Let r be (10/25 + 12/(-10))*-10. Let m(s) = -6*s**2 - 8 - s**2 - r*s + 331*s**3 - 332*s**3. Give m(-6).
4
Suppose -182 = 31*n - 399. Let w(q) = -4*q**2 + 30*q - 12. Calculate w(n).
2
Suppose 0 = 5*q + 23 + 12. Let x(k) = -2*k + 1. Let w(p) = -14*p + 6. Let l(a) = w(a) - 8*x(a). Give l(q).
-16
Let j(l) = -l**2 + 7*l + 2. Let o be 3 - 2 - (-1 + -2). Suppose -4*z + o = 0, 4*y + 5*z = y + 26. What is j(y)?
2
Let c(v) = 41*v + 2 - 25*v - 17*v - 14. Determine c(-9).
-3
Let l(d) = 36*d - 6*d + 1 - 27*d. Give l(3).
10
Let z be (-134)/8 + 15/20. Let u = 21 + z. Let f(v) = 4 - u + 4 + v + 2. Determine f(0).
5
Let l(g) be the first derivative of g**3/3 + 5*g**2 + 14*g + 108. What is l(-10)?
14
Let k(a) be the first derivative of -11*a**4/4 - 2*a**3/3 + a - 177. What is k(-1)?
10
Let f be (-264)/88 - (0/1 + -11). Let m(x) = -4 + 2*x - 3*x + 16. What is m(f)?
4
Let b(s) = s**2 - s - 1. Let l be (8/10)/((-1)/10). Let u be 12/l*(-24)/9. Determine b(u).
11
Let a = -690 + 692. Let j(g) be the third derivative of 6*g**a + 0*g - 1/3*g**3 - 1/120*g**6 + 1/24*g**4 + 0 - 1/60*g**5. Determine j(-3).
13
Suppose 0 = -3*k + 2*u - 45, -4*u + 30 = -2*k - u. Let j = -9 - k. Let l(g) = -g**2 + 6*g + 2. Give l(j).
2
Let b(r) = -r**2 - 9*r + 3. Let s be b(-9). Let q(g) = 11*g**2 + 2*g - 6. Let p(z) = -9*z**2 - 2*z + 5. Let w(k) = 6*p(k) + 5*q(k). What is w(s)?
3
Suppose 45 = 4*r + 3*b, -5*r - 6*b + 2*b = -57. Let m(n) = 3*n - 27. Let g be m(r). Let y(c) = -2*c - 3 + 8 + 3*c + 5. Determine y(g).
10
Let f = 19 - 18. Let i(l) = -5*l**2 - 3*l + 4*l + 5*l + 6*l**2 + f. Give i(-6).
1
Let x(u) be the second derivative of -1/12*u**4 + 1/2*u**2 - 1/6*u**3 + 0 - 4*u. Give x(-4).
-11
Let n(h) be the first derivative of h**4/4 + 4*h**3/3 - 9*h**2/2 - 8*h + 1. What is n(-6)?
-26
Suppose -3*y + 33 = 3*n, 7*y - 4*y + 2 = 4*n. Let m(q) = q**3 - 293*q - 296*q + 594*q - 7*q**2 + 5. Calculate m(y).
-1
Let c(b) = 2*b**2 + 7*b + 6. Suppose 0 = 3*j - 0*j. Let l be (0/1)/(-2 + j). Suppose -3*k - 4 = -2*s, 4*k = s - l - 12. Give c(s).
10
Let r be 0 + (-5)/(16/(-4) + 5). Let a(z) = 2*z - 3. What is a(r)?
-13
Let t = 3 + 9. Suppose -t + 2 = -5*r. Let f(y) = 2 + r + 3*y - 4*y + 0*y - y**2. Determine f(0).
4
Let f(y) be the second derivative of y**5/60 - 5*y**4/24 - y**3/3 + 33*y**2/2 - 53*y. Let s(b) be the second derivative of f(b). Give s(4).
3
Let x = -77 - -116. Let y = 45 - x. Let w(j) = -j**3 + 5*j**2 + 8*j - 9. Give w(y).
3
Let r(k) be the third derivative of -k**6/120 + k**5/10 + k**4/8 - 2*k**3 - 4*k**2 - 33*k. Calculate r(6).
6
Let l(s) = -s**3 + 6*s**2 - 3*s - 5. Let f(g) = -28*g - 24. Let n be f(-1). Give l(n).
15
Let a(i) = 2*i + 4*i + 2*i - 5 - i**2. Suppose -6*h + 2*q + 28 = -2*h, -21 = -3*h + 2*q. Determine a(h).
2
Let v(a) = a. Let u(j) = 5*j - 6. Let m(x) = u(x) - 6*v(x). Suppose -4*i - 12 = 0, -t + 24 = 2*t - 4*i. Suppose 5*n = t*n + 5. What is m(n)?
-11
Let n(m) = 2*m**2 - 8*m + 4. Let u be (16/24)/(1/(-12)). Let l be (u/16)/(2/(-4))*5. Give n(l).
14
Suppose 0 = -7*a - 252 + 224. Let x(y) = -5*y + 1. Calculate x(a).
21
Let q(t) = 6*t**2 - 7 - 2*t + 7 - t**2 - 1. Suppose 5*j + 5 = 5*g, g + 3 = 3*j + 2. Suppose -c - g*p = -5*p + 13, -5*c - 4*p + 11 = 0. Give q(c).
6
Suppose -2*o - 10 = 3*o. Let k(i) = -2*i**2 - 4*i - 3. Let m be k(o). Let w(n) = -n**3 - 4*n**2 - 5*n - 3. What is w(m)?
3
Let g be 1 + -2 + 3/1. Let k(o) = -2*o**2 - 4*o + 2*o**2 + o**g - 5 + 2. Suppose -3*d + p + 11 = 2*p, 3*d - 3*p = 15. Calculate k(d).
-3
Let y(s) be the third derivative of -s**6/120 - s**5/15 - s**4/24 - s**3/3 + 199*s**2. Give y(-3).
-8
Let l(i) be the second derivative of -i**5/20 - 2*i**4/3 - i**3/2 - 4*i**2 + i. Let s = -1033 - -1025. Determine l(s).
16
Let k(p) be the first derivative of -p**4/4 + 11*p**3/3 - p**2/2 + 8*p - 13. Determine k(11).
-3
Let w = 24 + -22. Suppose -3*u + 4*x + 4 = 0, -2*u + 18 = -2*x + 7*x. Let m be w*(u + 2 + -5). Let g(q) = q - 2. Calculate g(m).
0
Suppose -5*y + 8*y = l - 10, -13 = 4*y - l. Let r(m) = 5*m - 3. Calculate r(y).
-18
Let n(i) be the second derivative of -i**3/2 - 14*i**2 + 292*i. What is n(-9)?
-1
Let s(z) be the second derivative of z**3/6 - 3*z**2/2 - 10*z. Let l = 33 - 39. What is s(l)?
-9
Suppose 0 = j + j - 10. Suppose 0 = j*o - o. Let w(i) = i**3 + o*i**3 - 2*i**3 + 5*i**2 - 3*i - 1. Determine w(3).
8
Let u(d) = -d**3 + 1 + 0 - d - 4 - 2*d**2. Let a = -403 + 400. Give u(a).
9
Let z(a) = -4*a - 1. Let f be z(0). Let i(t) be the second derivative of 2*t**3/3 + t**2/2 - t. Determine i(f).
-3
Let h(a) = 2*a - 6*a + 4*a + 1 + 7*a. Let b(x) = -5*x - 1. Let p be b(-1). Suppose 4 = -f - 0*f + q, -5*f + p*q - 17 = 0. Determine h(f).
-6
Let f = -83 + 499/6. Let w(g) be the second derivative of 0 + 0*g**4 - 3/10*g**5 + 0*g**2 + 2*g + f*g**3. Calculate w(1).
-5
Let y(x) = 1 - 2*x**2 - 67*x**3 + x - 5*x + 128*x**3 - 60*x**3. Determine y(3).
-2
Let q(t) = -14*t - 120. Let j be q(-8). Let h be 0 + (13 - (-1)/(-1)). Let p(k) = -4*k - k**3 - 2 - h*k**2 + 3*k**2 - 5*